{"id":3868,"date":"2024-12-01T15:45:16","date_gmt":"2024-12-01T14:45:16","guid":{"rendered":"https:\/\/belvarosiorvosicentrum.hu\/?post_type=orvos&#038;p=3868"},"modified":"2025-02-07T07:14:03","modified_gmt":"2025-02-07T06:14:03","slug":"tibor-szaloki-md","status":"publish","type":"orvos","link":"https:\/\/belvarosiorvosicentrum.hu\/en\/orvos\/tibor-szaloki-md\/","title":{"rendered":"Tibor Szal\u00f3ki MD"},"content":{"rendered":"\n<p><strong>Fields of specialization<\/strong><\/p>\n\n\n\n<ul class=\"wp-block-list\">\n<li>Treatment of inflammation of nasal sinuses and adenoids, endoscopic surgery of the sinuses<\/li>\n\n\n\n<li>Diagnostics of otolaryngological diseases<\/li>\n\n\n\n<li>Head and neck cancer screening and oncological surgery<\/li>\n\n\n\n<li>HPV screening in the oral cavity<\/li>\n\n\n\n<li>Treatment of problems of salivary glands and swellings of the neck<br>\u00a0<\/li>\n<\/ul>\n\n\n\n<p><strong>Qualifications<\/strong><\/p>\n\n\n\n<ul class=\"wp-block-list\">\n<li>Ear,nose,throat specialist and head and neck surgical professional exam, Semmelweis University (2016)<\/li>\n\n\n\n<li>General doctoral degree, Semmelweis University (2011)<br>\u00a0<\/li>\n<\/ul>\n\n\n\n<p><strong>Jobs<\/strong><\/p>\n\n\n\n<ul class=\"wp-block-list\">\n<li>Downtown Medical Center (2017-)<\/li>\n\n\n\n<li>Semmelweis University Otolaryngological and Head and Neck Surgical Clinic (2013 \u2013 )<\/li>\n\n\n\n<li>South-Buda Health Service, Adult Otolaryngology (2017-)<\/li>\n\n\n\n<li>Specialist Medical Institute of \u00dajpest, Children&#8217;s Otolaryngology (2014\u00a0 \u2013 2016)<\/li>\n\n\n\n<li>\u00d6d\u00f6n J\u00e1vorszky Hospital, Otolaryngology Department (2011 \u2013 2013)<\/li>\n<\/ul>\n\n\n\n<p><strong>Scientific Committee Memberships<\/strong><\/p>\n\n\n\n<ul class=\"wp-block-list\">\n<li>Society of Hungarian otolaryngologists and head and neck surgeons<\/li>\n\n\n\n<li>European Rhinologic Society (2011)<\/li>\n<\/ul>\n\n\n\n<p><strong>Scientific Activities<\/strong><\/p>\n\n\n\n<ul class=\"wp-block-list\">\n<li>Regular attendance at national and international conferences<\/li>\n\n\n\n<li>Lecturer at national and international conferences<\/li>\n\n\n\n<li>Author of many scientific articles both in English and Hungarian<\/li>\n<\/ul>\n\n\n\n<p><strong>Spoken languages<\/strong><br>English, German<\/p>\n","protected":false},"excerpt":{"rendered":"","protected":false},"featured_media":2901,"template":"","meta":{"_acf_changed":true},"orvos-kategoria":[90],"class_list":["post-3868","orvos","type-orvos","status-publish","has-post-thumbnail","hentry","orvos-kategoria-full-nose-and-mouth-specialist"],"acf":[],"_links":{"self":[{"href":"https:\/\/belvarosiorvosicentrum.hu\/en\/wp-json\/wp\/v2\/orvos\/3868","targetHints":{"allow":["GET"]}}],"collection":[{"href":"https:\/\/belvarosiorvosicentrum.hu\/en\/wp-json\/wp\/v2\/orvos"}],"about":[{"href":"https:\/\/belvarosiorvosicentrum.hu\/en\/wp-json\/wp\/v2\/types\/orvos"}],"wp:featuredmedia":[{"embeddable":true,"href":"https:\/\/belvarosiorvosicentrum.hu\/en\/wp-json\/wp\/v2\/media\/2901"}],"wp:attachment":[{"href":"https:\/\/belvarosiorvosicentrum.hu\/en\/wp-json\/wp\/v2\/media?parent=3868"}],"wp:term":[{"taxonomy":"orvos-kategoria","embeddable":true,"href":"https:\/\/belvarosiorvosicentrum.hu\/en\/wp-json\/wp\/v2\/orvos-kategoria?post=3868"}],"curies":[{"name":"wp","href":"https:\/\/api.w.org\/{rel}","templated":true}]}}

Tibor Szalóki MD

<p><strong>Fields of specialization</strong></p>



<ul class="wp-block-list">
<li>Treatment of inflammation of nasal sinuses and adenoids, endoscopic surgery of the sinuses</li>



<li>Diagnostics of otolaryngological diseases</li>



<li>Head and neck cancer screening and oncological surgery</li>



<li>HPV screening in the oral cavity</li>



<li>Treatment of problems of salivary glands and swellings of the neck<br> </li>
</ul>



<p><strong>Qualifications</strong></p>



<ul class="wp-block-list">
<li>Ear,nose,throat specialist and head and neck surgical professional exam, Semmelweis University (2016)</li>



<li>General doctoral degree, Semmelweis University (2011)<br> </li>
</ul>



<p><strong>Jobs</strong></p>



<ul class="wp-block-list">
<li>Downtown Medical Center (2017-)</li>



<li>Semmelweis University Otolaryngological and Head and Neck Surgical Clinic (2013 – )</li>



<li>South-Buda Health Service, Adult Otolaryngology (2017-)</li>



<li>Specialist Medical Institute of Újpest, Children&#8217;s Otolaryngology (2014  – 2016)</li>



<li>Ödön Jávorszky Hospital, Otolaryngology Department (2011 – 2013)</li>
</ul>



<p><strong>Scientific Committee Memberships</strong></p>



<ul class="wp-block-list">
<li>Society of Hungarian otolaryngologists and head and neck surgeons</li>



<li>European Rhinologic Society (2011)</li>
</ul>



<p><strong>Scientific Activities</strong></p>



<ul class="wp-block-list">
<li>Regular attendance at national and international conferences</li>



<li>Lecturer at national and international conferences</li>



<li>Author of many scientific articles both in English and Hungarian</li>
</ul>



<p><strong>Spoken languages</strong><br>English, German</p>
